ultiple of 40?
True
Is 470442 a multiple of 487?
True
Does 97 divide 782208?
True
Does 330 divide 105756?
False
Does 108 divide 35158?
False
Is 126 a factor of 107730?
True
Does 13 divide 4810?
True
Is 78 a factor of 195840?
False
Is 141626 a multiple of 19?
True
Is 6 a factor of 1690362?
True
Is 14875 a multiple of 31?
False
Is 941864 a multiple of 14?
True
Is 238264 a multiple of 29?
True
Does 11 divide 11076?
False
Is 568909 a multiple of 118?
False
Does 648 divide 3558816?
True
Is 5377462 a multiple of 46?
False
Does 235 divide 39715?
True
Does 1226 divide 15127614?
True
Is 5020644 a multiple of 6?
True
Does 12 divide 108156?
True
Is 9 a factor of 1555046?
False
Is 41 a factor of 162032?
True
Is 28 a factor of 448445?
False
Does 80 divide 3204846?
False
Does 2112 divide 318912?
True
Is 109 a factor of 100687?
False
Is 851 a factor of 1017912?
False
Is 27 a factor of 73170?
True
Is 179 a factor of 5381814?
True
Is 9 a factor of 315278?
False
Is 112703 a multiple of 31?
False
Does 15 divide 115095?
True
Is 85 a factor of 17595?
True
Does 17 divide 1481177?
False
Does 21 divide 283812?
False
Is 23 a factor of 774893?
True
Does 37 divide 711954?
True
Is 502 a factor of 454314?
False
Does 361 divide 180387?
False
Does 17 divide 4740335?
False
Does 136 divide 27336?
True
Does 112 divide 841304?
False
Is 723112 a multiple of 17?
True
Is 8 a factor of 108874?
False
Does 6 divide 5112?
True
Is 567 a factor of 5618970?
True
Is 12467460 a multiple of 1156?
True
Does 506 divide 1723324?
False
Is 1492571 a multiple of 3?
False
Does 10 divide 72390?
True
Does 245 divide 2302510?
True
Is 6232996 a multiple of 2156?
True
Is 600 a factor of 19147219?
False
Is 74 a factor of 7108242?
False
Is 33 a factor of 32621?
False
Is 3611 a multiple of 23?
True
Does 335 divide 2735750?
False
Is 23 a factor of 20355?
True
Is 297 a factor of 1932579?
True
Is 73 a factor of 16633?
False
Does 262 divide 168262?
False
Is 7 a factor of 1407728?
True
Does 82 divide 101188?
True
Is 108 a factor of 2957189?
False
Is 963 a factor of 8087644?
False
Is 1455233 a multiple of 157?
True
Is 58 a factor of 6728?
True
Does 96 divide 806880?
True
Does 10 divide 166791?
False
Is 144 a factor of 952416?
True
Does 129 divide 6575475?
False
Is 87894 a multiple of 9?
True
Is 36 a factor of 559069?
False
Is 935050 a multiple of 25?
True
Is 4446663 a multiple of 339?
True
Is 134 a factor of 602598?
True
Is 151 a factor of 183465?
True
Does 4 divide 143074?
False
Is 54 a factor of 2604150?
True
Is 260 a factor of 365932?
False
Does 2 divide 33924?
True
Is 15 a factor of 320070?
True
Is 55 a factor of 33135025?
True
Does 118 divide 14632?
True
Is 1033188 a multiple of 601?
False
Does 144 divide 134248?
False
Does 31 divide 319899?
False
Is 979066 a multiple of 132?
False
Does 21 divide 573258?
True
Does 308 divide 42812?
True
Is 3476630 a multiple of 67?
True
Is 631 a factor of 1650065?
True
Is 5801868 a multiple of 54?
True
Is 11260872 a multiple of 8?
True
Is 242 a factor of 115434?
True
Is 1815650 a multiple of 79?
False
Does 819 divide 1161342?
True
Is 5886339 a multiple of 9?
False
Does 16 divide 292832?
True
Does 36 divide 1058364?
True
Is 164 a factor of 996300?
True
Is 28185 a multiple of 16?
False
Is 176116 a multiple of 78?
False
Is 349410 a multiple of 95?
True
Is 576 a factor of 910656?
True
Is 23 a factor of 152513?
True
Is 169 a factor of 432035?
False
Does 142 divide 1641640?
False
Does 60 divide 40620?
True
Is 5 a factor of 5673495?
True
Is 983098 a multiple of 19?
True
Is 29 a factor of 277153?
True
Is 67134 a multiple of 181?
False
Does 13 divide 18304?
True
Is 26996 even?
True
Does 54 divide 41915?
False
Is 125 a factor of 1108272?
False
Is 860553 a multiple of 9?
True
Does 19 divide 3954245?
False
Is 342 a factor of 7894139?
False
Is 612571 a multiple of 136?
False
Is 4287360 a multiple of 1402?
False
Is 32 a factor of 59910?
False
Is 159320 a multiple of 20?
True
Is 3536434 a multiple of 667?
True
Is 15 a factor of 77713?
False
Is 8 a factor of 3178480?
True
Does 113 divide 11863463?
False
Is 22 a factor of 5233492?
True
Is 5 a factor of 24605?
True
Is 1881 even?
False
Is 13 a factor of 29543?
False
Is 776526 a multiple of 23?
True
Does 15 divide 5397795?
True
Is 388065 a multiple of 41?
True
Is 77 a factor of 325864?
True
Is 39 a factor of 40404?
True
Is 142984 a multiple of 5?
False
Is 455661 a multiple of 591?
True
Is 175391 a multiple of 30?
False
Is 258 a factor of 380808?
True
Is 90 a factor of 2987190?
True
Is 22 a factor of 5620142?
True
Is 678 a factor of 2137056?
True
Is 79 a factor of 416014?
True
Is 51 a factor of 96747?
True
Does 39 divide 76209?
False
Is 48 a factor of 137686?
False
Is 2294322 a multiple of 3?
True
Is 70380 a multiple of 12?
True
Does 746 divide 16149408?
True
Does 62 divide 282286?
True
Is 224313 a multiple of 33?
False
Does 47 divide 549759?
True
Does 11 divide 784628?
False
Does 2 divide 2166?
True
Is 18 a factor of 1074746?
False
Is 431 a factor of 1885287?
False
Is 99763 a multiple of 147?
False
Is 52 a factor of 218546?
False
Is 332 a factor of 10129984?
True
Does 182 divide 127466?
False
Is 120 a factor of 83400?
True
Is 8 a factor of 66976?
True
Does 235 divide 3140620?
False
Is 48 a factor of 93671?
False
Does 43 divide 1473274?
False
Is 182485 a multiple of 82?
False
Is 43 a factor of 48445?
False
Is 50 a factor of 143967?
False
Is 206884 a multiple of 10?
False
Is 61 a factor of 16758?
False
Is 31 a factor of 21916?
False
Does 31 divide 1648456?
True
Is 660372 a multiple of 1461?
True
Is 147 a factor of 935067?
True
Is 228107 a multiple of 303?
False
Is 19 a factor of 335654?
True
Is 168 a factor of 628158?
False
Is 5885926 a multiple of 200?
False
Is 237 a factor of 3229368?
False
Is 1260198 a multiple of 6?
True
Is 14782 a multiple of 66?
False
Is 147091 a multiple of 2?
False
Is 4319411 a multiple of 26?
False
Does 404 divide 256540?
True
Is 481933 a multiple of 110?
False
Is 7 a factor of 456050?
True
Is 1665 a factor of 6932675?
False
Does 62 divide 575856?
True
Does 15 divide 3241185?
True
Is 20 a factor of 272742?
False
Is 1253276 a multiple of 9?
False
Is 18 a factor of 790389?
False
Is 16 a factor of 513360?
True
Is 35691 a multiple of 435?
False
Does 193 divide 113870?
True
Is 99 a factor of 1760359?
False
Does 862 divide 7052022?
True
Does 300 divide 153300?
True
Is 32 a factor of 29408?
True
Does 24 divide 226545?
False
Does 72 divide 143134?
False
Is 2552030 a multiple of 65?
True
Is 231584 a multiple of 5?
False
Is 1290 a factor of 6466770?
True
Is 4136098 a multiple of 607?
True
Is 12 a factor of 1416108?
True
Is 7459613 a multiple of 448?
False
Is 167790 a multiple of 21?
True
Does 471 divide 518571?
True
Is 813660 a multiple of 284?
True
Does 90 divide 8868150?
True
Does 405 divide 2158650?
True
Is 10 a factor of 4807248?
False
Is 10 a factor of 81783?
False
Does 192 divide 204672?
True
Is 817429 a multiple of 37?
False
Is 134464 a multiple of 511?
False
Is 212268 a multiple of 38?
True
Is 19 a factor of 70547?
True
Does 46 divide 23966?
True
Is 37 a factor of 974618?
False
Does 188 divide 4470270?
False
Is 3493696 a multiple of 316?
True
Is 10773648 a multiple of 652?
True
Is 13148 even?
True
Is 5927439 a multiple of 21?
True
Is 2401411 a multiple of 8?
False
Does 152 divide 1308416?
True
Does 84 divide 9656724?
True
Is 6 a factor of 50491?
False
Is 14 a factor of 237992?
False
Is 10 a factor of 16758791?
False
Is 216059 a multiple of 140?
False
Does 50 divide 9543835?
False
Is 69150 a multiple of 5?
True
Is 687998 a multiple of 473?
False
Is 93 a factor of 1884366?
True
Is 34 a factor of 293964?
True
Does 695 divide 337770?
True
Is 27404 a multiple of 26?
True
Is 654672 a multiple of 76?
False
Is 73672 a multiple of 122?
False
Does 74 divide 7499285?
False
Is 110 a factor of 41140?
True
Does 11 divide 5676971?
False
Does 539 divide 29512945?
True
Is 384292 a multiple of 191?
True
Is 313139 a multiple of 75?
False
Is 124 a factor of 4981023?
False
Does 313 divide 3773312?
False
Is 13 a factor of 12495684?
False
Does 39 divide 15306174?
True
Is 43 a factor of 28509?
True
Does 385 divide 312672?
False
Does 108 divide 2633256?
True
Does 4 divide 70465?
False
Is 84 a factor of 7244412?
True
Is 3266532 a multiple of